5316?
3
What is the tens digit of 962?
6
What is the units digit of 17201?
1
What is the thousands digit of 50562?
0
What is the tens digit of 3397?
9
What is the hundreds digit of 178641?
6
What is the tens digit of 27399?
9
What is the hundreds digit of 5550?
5
What is the units digit of 9115?
5
What is the hundreds digit of 2439?
4
What is the ten thousands digit of 20555?
2
What is the hundreds digit of 35100?
1
What is the tens digit of 43?
4
What is the units digit of 13382?
2
What is the hundreds digit of 17630?
6
What is the hundreds digit of 672?
6
What is the units digit of 78294?
4
What is the thousands digit of 3648?
3
What is the hundreds digit of 4446?
4
What is the ten thousands digit of 168149?
6
What is the hundreds digit of 13771?
7
What is the tens digit of 4452?
5
What is the hundreds digit of 283?
2
What is the ten thousands digit of 15203?
1
What is the hundreds digit of 10218?
2
What is the tens digit of 1364?
6
What is the ten thousands digit of 13584?
1
What is the tens digit of 3104?
0
What is the thousands digit of 2278?
2
What is the hundreds digit of 29405?
4
What is the units digit of 6569?
9
What is the units digit of 13401?
1
What is the thousands digit of 9525?
9
What is the tens digit of 408?
0
What is the thousands digit of 15081?
5
What is the thousands digit of 1149?
1
What is the hundreds digit of 1386?
3
What is the tens digit of 26647?
4
What is the hundreds digit of 3636?
6
What is the units digit of 2012?
2
What is the units digit of 11917?
7
What is the ten thousands digit of 78055?
7
What is the units digit of 9?
9
What is the hundreds digit of 892?
8
What is the units digit of 10132?
2
What is the tens digit of 1717?
1
What is the hundreds digit of 7964?
9
What is the hundreds digit of 2118?
1
What is the units digit of 20643?
3
What is the hundreds digit of 70246?
2
What is the tens digit of 304?
0
What is the hundreds digit of 21435?
4
What is the units digit of 3798?
8
What is the hundreds digit of 10179?
1
What is the units digit of 4154?
4
What is the thousands digit of 71305?
1
What is the units digit of 14600?
0
What is the tens digit of 503?
0
What is the ten thousands digit of 24398?
2
What is the units digit of 675?
5
What is the tens digit of 37226?
2
What is the tens digit of 3404?
0
What is the thousands digit of 1495?
1
What is the thousands digit of 47710?
7
What is the units digit of 25832?
2
What is the ten thousands digit of 12394?
1
What is the units digit of 18316?
6
What is the tens digit of 1433?
3
What is the thousands digit of 14660?
4
What is the units digit of 62?
2
What is the hundreds digit of 3076?
0
What is the tens digit of 4951?
5
What is the tens digit of 13779?
7
What is the hundreds digit of 7348?
3
What is the tens digit of 966?
6
What is the units digit of 9614?
4
What is the hundreds digit of 19848?
8
What is the hundred thousands digit of 128698?
1
What is the tens digit of 728?
2
What is the hundreds digit of 9601?
6
What is the thousands digit of 1360?
1
What is the units digit of 22?
2
What is the units digit of 23479?
9
What is the tens digit of 227?
2
What is the units digit of 7551?
1
What is the units digit of 5692?
2
What is the units digit of 8972?
2
What is the units digit of 897?
7
What is the tens digit of 1015?
1
What is the hundreds digit of 1641?
6
What is the hundreds digit of 917?
9
What is the units digit of 818?
8
What is the units digit of 751?
1
What is the tens digit of 31801?
0
What is the thousands digit of 3938?
3
What is the units digit of 627?
7
What is the tens digit of 691?
9
What is the tens digit of 8025?
2
What is the units digit of 43241?
1
What is the units digit of 25244?
4
What is the thousands digit of 75620?
5
What is the ten thousands digit of 20370?
2
What is the tens digit of 3733?
3
What is the thousands digit of 82271?
2
What is the units digit of 5546?
6
What is the ten thousands digit of 62808?
6
What is the tens digit of 10586?
8
What is the units digit of 2428?
8
What is the units digit of 3110?
0
What is the hundreds digit of 42895?
8
What is the ten thousands digit of 16837?
1
What is the tens digit of 27198?
9
What is the ten thousands digit of 46377?
4
What is the ten thousands digit of 49174?
4
What is the units digit of 845?
5
What is the units digit of 2514?
4
What is the hundreds digit of 351?
3
What is the units digit of 61724?
4
What is the hundreds digit of 1347?
3
What is the ten thousands digit of 46020?
4
What is the tens digit of 264?
6
What is the hundreds digit of 55310?
3
What is the units digit of 341?
1
What is the hundreds digit of 3069?
0
What is the tens digit of 940?
4
What is the hundreds digit of 1362?
3
What is the units digit of 2670?
0
What is the ten thousands digit of 35619?
3
What is the hundreds digit of 122?
1
What is the hundreds digit of 48281?
2
What is the units digit of 2005?
5
What is the hundreds digit of 1708?
7
What is the tens digit of 139616?
1
What is the units digit of 61593?
3
What is the thousands digit of 1076?
1
What is the hundreds digit of 13169?
1
What is the hundreds digit of 933?
9
What is the units digit of 14468?
8
What is the tens digit of 20447?
4
What is the tens digit of 207?
0
What is the thousands digit of 64633?
4
What is the units digit of 906?
6
What is the thousands digit of 3019?
3
What is the units digit of 1100?
0
What is the thousands digit of 1843?
1
What is the units digit of 3794?
4
What is the hundreds digit of 50464?
4
What is the tens digit of 862?
6
What is the ten thousands digit of 23078?
2
What is the units digit of 23217?
7
What is the hundreds digit of 2800?
8
What is the tens digit of 9607?
0
What is the hundreds digit of 1161?
1
What is the tens digit of 15655?
5
What is the units digit of 9812?
2
What is the units digit of 81?
1
What is the hundreds digit of 67982?
9
What is the hundreds digit of 8534?
5
What is the hundreds digit of 831?
8
What is the units digit of 1048?
8
What is the ten thousands digit of 74167?
7
What is the hundreds digit of 311?
3
What is the units digit of 2628?
8
What is the ten thousands digit of 23330?
2
What is the tens digit of 531?
3
What is the hundreds digit of 1554?
5
What is the tens digit of 2098?
9
What is the hundreds digit of 141853?
8
What is the units digit of 43246?
6
What is the tens digit of 1174?
7
What is the tens digit of 454?
5
What is the hundreds digit of 2190?
1
What is the thousands digit of 188827?
8
What is the hundreds digit of 2917?
9
What is the units digit of 2109?
9
What is the thousands digit of 5294?
5
What is the tens digit of 33239?
3
What is the ten thousands digit of 56121?
5
What is the units digit of 1737?
7
What is the hundreds digit of 162?
1
What is the thousands digit of 6343?
6
What is the units digit of 44574?
4
What is the hundreds digit of 1052?
0
What is the units digit of 1361?
1
What is the tens digit of 7123?
2
What is the hundreds digit of 1145?
1
What is the hundreds digit of 96406?
4
What is the tens digit of 508?
0
What is the units digit of 15291?
1
What is the thousands digit of 17501?
7
What is the tens digit of 7436?
3
What is the thousands digit of 6583?
6
What is the thousands digit of 79480?
9
What is the tens digit of 1330?
3
What is the units digit of 13259?
9
What is the units digit of 1543?
3
What is the tens digit of 1344?
4
What is the hundreds digit of 447?
4
What is the hundreds digit of 499?
4
What is the tens digit of 570?
7
What is the units digit of 2375?
5
What is the hundreds digit of 1937?
9
What is the tens digit of 65345?
4
What is the hundreds digit of 11256?
2
What is the ten thousands digit of 32645?
3
What is the hundreds digit of 1664?
6
What is the thousands digit of 1769?
1
What is the thousands digit of 1066?
1
What is the hundreds digit of 24251?
2
What is the hundreds digit of 4804?
8
What is the units digit of 21973?
3
What is the thousands digit of 9146?
9
What is the units digit of 7329?
9
What is the tens digit of 26121?
2
What is the hundreds digit of 3631?
6
What is the units digit of 2108?
8
What is the thousands digit of 36301?
6
What is the units digit of 5941?
1
What is the ten thousands digit of 32008?
3
What is the hundreds digit of 14318?
3
What is the tens digit of 236?
3
What is the hundreds dig